{"id":9,"date":"2025-09-25T08:34:29","date_gmt":"2025-09-25T08:34:29","guid":{"rendered":"http:\/\/montagneetloisirs.fr\/?page_id=9"},"modified":"2026-01-25T19:59:05","modified_gmt":"2026-01-25T19:59:05","slug":"montagne-et-loisirs","status":"publish","type":"page","link":"https:\/\/montagneetloisirs.fr\/?page_id=9","title":{"rendered":"Montagne et Loisirs"},"content":{"rendered":"\n<figure class=\"wp-block-image alignfull size-full\"><img fetchpriority=\"high\" decoding=\"async\" width=\"2000\" height=\"599\" src=\"https:\/\/montagneetloisirs.fr\/wp-content\/uploads\/2025\/09\/Sommets600x2000.jpg\" alt=\"\" class=\"wp-image-87\" srcset=\"https:\/\/montagneetloisirs.fr\/wp-content\/uploads\/2025\/09\/Sommets600x2000.jpg 2000w, https:\/\/montagneetloisirs.fr\/wp-content\/uploads\/2025\/09\/Sommets600x2000-300x90.jpg 300w, https:\/\/montagneetloisirs.fr\/wp-content\/uploads\/2025\/09\/Sommets600x2000-1024x307.jpg 1024w, https:\/\/montagneetloisirs.fr\/wp-content\/uploads\/2025\/09\/Sommets600x2000-768x230.jpg 768w, https:\/\/montagneetloisirs.fr\/wp-content\/uploads\/2025\/09\/Sommets600x2000-1536x460.jpg 1536w\" sizes=\"(max-width: 2000px) 100vw, 2000px\" \/><\/figure>\n\n\n\n<div class=\"wp-block-columns is-layout-flex wp-container-core-columns-is-layout-28f84493 wp-block-columns-is-layout-flex\">\n<div class=\"wp-block-column is-vertically-aligned-stretch is-layout-flow wp-block-column-is-layout-flow\" style=\"flex-basis:75%\">\n<p> <strong>Le Club<\/strong><\/p>\n\n\n\n<p style=\"border-style:none;border-width:0px;margin-top:0;margin-right:0;margin-bottom:0;margin-left:0\">Montagne et Loisirs, cr\u00e9\u00e9 en 1965 est un club de Montagne de la r\u00e9gion de Toulouse d&rsquo;une centaine d&rsquo;adh\u00e9rents, de type \u00ab\u00a0Association loi de 1901\u00a0\u00bb, affili\u00e9 \u00e0 la FFME (F\u00e9d\u00e9ration Fran\u00e7aise de Montagne et d&rsquo;Escalade).<br><strong>Adresse :<\/strong> MONTAGNE et LOISIRS, 87 rue Alfred de Musset 31200 Toulouse<br><strong>Adresse courriel : <\/strong><a href=\"mailto:secretariat@montagne-et-loisirs.fr?subject=\">secretariat montagne-et-loisirs.fr<\/a><\/p>\n\n\n\n<p>De nombreuses activit\u00e9s sont propos\u00e9es : randonn\u00e9es, escalades, via ferrata, pyr\u00e9n\u00e9isme, raquettes, ski de randonn\u00e9e, chant, danse, botanique, bricolage, cuisine, arts, . . . (voir les <a href=\"https:\/\/montagne-et-loisirs.fr\/site_ML\/carnet_1.html\">compte-rendus d&rsquo;activit\u00e9s<\/a>, illustr\u00e9s de nombreuses photos)<\/p>\n\n\n\n<p>Toutes les sorties propos\u00e9es dans <a href=\"https:\/\/montagne-et-loisirs.fr\/site_ML\/Agenda.html\" target=\"_blank\" rel=\"noreferrer noopener\">l&rsquo;agenda<\/a> sont encadr\u00e9es par un ou plusieurs initiateurs brevet\u00e9s b\u00e9n\u00e9voles. En dehors de ces activit\u00e9s planifi\u00e9es, les membres du Club font de nombreuses sorties organis\u00e9es par eux-m\u00eames, sous leur seule responsabilit\u00e9.<\/p>\n\n\n\n<p>Nous poursuivons un objectif de promotion des activit\u00e9s sportives et de loisirs en Montagne en permettant \u00e0 tous, quelque soit son niveau, de d\u00e9couvrir ou de pratiquer les activit\u00e9s propos\u00e9es dans les meilleures conditions.<br>Chaque membre est invit\u00e9 \u00e0 se placer dans une dynamique de progr\u00e8s : la recherche d\u2019autonomie et la formation sont donc vivement encourag\u00e9es.<\/p>\n\n\n\n<h1 class=\"wp-block-heading has-medium-font-size\"><strong>Vie du club<\/strong><\/h1>\n\n\n\n<p>La vie du club s&rsquo;organise autour d&rsquo;activit\u00e9s li\u00e9es \u00e0 la montagne et\/ou au chalet de Saint Aventin.<br>Ces activit\u00e9s vont de la randonn\u00e9e montagne, \u00e0 pied, \u00e0 ski ou en raquettes, aux stages de yoga en passant par la peinture, les ateliers d&rsquo;\u00e9criture, la botanique, le chant,\u2026 selon les propositions de chacun.<\/p>\n\n\n\n<figure class=\"wp-block-image size-large\"><img decoding=\"async\" width=\"1024\" height=\"308\" src=\"https:\/\/montagneetloisirs.fr\/wp-content\/uploads\/2025\/09\/StVeran600x2000-1-1024x308.jpg\" alt=\"\" class=\"wp-image-113\" srcset=\"https:\/\/montagneetloisirs.fr\/wp-content\/uploads\/2025\/09\/StVeran600x2000-1-1024x308.jpg 1024w, https:\/\/montagneetloisirs.fr\/wp-content\/uploads\/2025\/09\/StVeran600x2000-1-300x90.jpg 300w, https:\/\/montagneetloisirs.fr\/wp-content\/uploads\/2025\/09\/StVeran600x2000-1-768x231.jpg 768w, https:\/\/montagneetloisirs.fr\/wp-content\/uploads\/2025\/09\/StVeran600x2000-1-1536x462.jpg 1536w, https:\/\/montagneetloisirs.fr\/wp-content\/uploads\/2025\/09\/StVeran600x2000-1.jpg 2000w\" sizes=\"(max-width: 1024px) 100vw, 1024px\" \/><\/figure>\n<\/div>\n\n\n\n<div class=\"wp-block-column has-global-padding is-layout-constrained wp-block-column-is-layout-constrained\" style=\"flex-basis:50%\">\n<p><\/p>\n\n\n\n<p class=\"has-text-color\" style=\"color:#0d0d0d\">Les activit\u00e9s sur  <a href=\"https:\/\/montagne-et-loisirs.fr\/site_ML\/Agenda.html\">l&rsquo;agenda<\/a><\/p>\n\n\n\n<p>Les compte-rendus sur la page <a href=\"https:\/\/montagne-et-loisirs.fr\/site_ML\/carnet_1.html\">Album.<\/a><\/p>\n\n\n\n<p>En plus de l&rsquo;aspect sportif, le club propose donc des activit\u00e9s culturelles et de loisirs. Le club n\u2019existe que par ses adh\u00e9rents et initiateurs. Ils sont \u00e0 la man\u0153uvre : b\u00e9n\u00e9voles, ils proposent, organisent, co-organisent des projets que l\u2019un ou l\u2019autre sugg\u00e8re, ou \u00e0 envie de proposer aux autres membres du club.&nbsp;Pour les activit\u00e9s montagne ou escalade, la pr\u00e9sence d&rsquo;un initiateur dipl\u00f4m\u00e9 est n\u00e9cessaire (voir <a href=\"https:\/\/montagne-et-loisirs.fr\/site_ML\/encadrants_1.html\" target=\"_blank\" rel=\"noreferrer noopener\">liste des initiateurs<\/a> et leurs comp\u00e9tences). Pour les activit\u00e9s loisirs , tout est ouvert !<br>Ces projets sont \u00e9labor\u00e9s, propos\u00e9s et valid\u00e9s lors des r\u00e9unions p\u00e9riodiques du club (nomm\u00e9es r\u00e9unions de comit\u00e9 directeur ou simplement CD) et synth\u00e9tis\u00e9es dans <a href=\"https:\/\/montagne-et-loisirs.fr\/site_ML\/Agenda.html\" target=\"_blank\" rel=\"noreferrer noopener\">l&rsquo;agenda du club<\/a>. Ces r\u00e9unions sont ouvertes \u00e0 tous les membres du club et \u00e0 toute personne int\u00e9ress\u00e9e par le club.<br>Les r\u00e9unions de CD donnent syst\u00e9matiquement lieu \u00e0 des <a href=\"https:\/\/montagne-et-loisirs.fr\/site_ML\/asso_1.html#CD\">compte rendus<\/a>, accessibles \u00e0 tous.<br>Les diff\u00e9rentes activit\u00e9s du club donnent souvent lieu \u00e0 des <a href=\"https:\/\/montagne-et-loisirs.fr\/site_ML\/carnet_1.html\" target=\"_blank\" rel=\"noreferrer noopener\">retours en image<\/a>, consultables sur ce site.<\/p>\n\n\n\n<p><strong>Adh\u00e9sions<\/strong><\/p>\n\n\n\n<p style=\"margin-top:0;margin-right:0;margin-bottom:0;margin-left:0\"><a href=\"https:\/\/montagne-et-loisirs.fr\/site_ML\/asso_1.html\" target=\"_blank\" rel=\"noreferrer noopener\">L&rsquo;adh\u00e9sion<\/a> comporte une adh\u00e9sion au club&nbsp; (35\u20ac) et une licence sportive \u00e0 la F\u00e9d\u00e9ration Fran\u00e7aise de la montagne(80 \u20ac en 2024, qui fournit une assurance). La licence sportive n&rsquo;est obligatoire que pour participer aux activit\u00e9s Montagne programm\u00e9es dans l&rsquo;<a href=\"https:\/\/montagne-et-loisirs.fr\/site_ML\/Agenda.html\" target=\"_blank\" rel=\"noreferrer noopener\">Agenda<\/a>. Cette licence peut se prendre \u00e0 la journ\u00e9e ou \u00e0 la semaine pour les participants occasionnels.<\/p>\n<\/div>\n<\/div>\n\n\n\n<p><a href=\"https:\/\/montagne-et-loisirs.fr\/site_ML\/asso_1.html\" target=\"_blank\" rel=\"noreferrer noopener\">L&rsquo;adh\u00e9sion<\/a> comporte une adh\u00e9sion au club&nbsp; (35\u20ac) et une licence sportive \u00e0 la F\u00e9d\u00e9ration Fran\u00e7aise de la montagne(90 \u20ac en 2025, qui fournit une assurance). La licence sportive n&rsquo;est obligatoire que pour participer aux activit\u00e9s Montagne programm\u00e9es dans l&rsquo;<a href=\"https:\/\/montagne-et-loisirs.fr\/site_ML\/Agenda.html\" target=\"_blank\" rel=\"noreferrer noopener\">Agenda<\/a>. Cette licence peut se prendre \u00e0 la journ\u00e9e ou \u00e0 la semaine pour les participants occasionnels.<\/p>\n\n\n\n<h2 class=\"wp-block-heading has-medium-font-size\"><strong>Organisation des activit\u00e9s<\/strong><\/h2>\n\n\n\n<p>Le lien avec les membres du club se fait \u00e0 travers une liste de diffusion mod\u00e9r\u00e9e. Tout adh\u00e9rent au club est destinataire des messages, ainsi que les anciens adh\u00e9rents pendant environ 2 ans. Par contre, il ne peuvent pas r\u00e9pondre au groupe, mais seulement \u00e0 l&rsquo;\u00e9metteur du message.<\/p>\n\n\n\n<p>En g\u00e9n\u00e9ral, le promoteur d&rsquo;une activit\u00e9 informe le groupe de son projet par e-mail, et ce projet est en m\u00eame temps mis \u00e0 <a href=\"https:\/\/montagne-et-loisirs.fr\/site_ML\/Agenda.html\" target=\"_blank\" rel=\"noreferrer noopener\">l&rsquo;agenda<\/a>. Les personnes int\u00e9ress\u00e9es peuvent contacter l&rsquo;organisateur, soit directement, soit par le mail du secr\u00e9tariat (<a href=\"mailto:secretariat@montagne-et-loisirs.fr?subject=\">secretariat montagne-et-loisirs.fr<\/a>) qui retransmet. (les mails perso des organisateurs n&rsquo;apparaissent pas directement sur le site pour ne pas trop les exposer aux messages non sollicit\u00e9s)<br>Les projets d&rsquo;activit\u00e9 sont toujours valid\u00e9s par le pr\u00e9sident du club.<\/p>\n\n\n\n<h2 class=\"wp-block-heading has-medium-font-size\"><strong>Organisation des d\u00e9placements<\/strong><\/h2>\n\n\n\n<p>Nous privil\u00e9gions syst\u00e9matiquement le covoiturage et le partage des frais (sur une base entre de 25 \u00e0 30 centimes le km + p\u00e9ages &#8211; en 2025). Les lieux de RDV sont d\u00e9cid\u00e9s pour chaque sortie en fonction des participants et de la destination.<\/p>\n","protected":false},"excerpt":{"rendered":"<p>Le Club Montagne et Loisirs, cr\u00e9\u00e9 en 1965 est un club de Montagne de la r\u00e9gion de Toulouse d&rsquo;une centaine d&rsquo;adh\u00e9rents, de type \u00ab\u00a0Association loi de 1901\u00a0\u00bb, affili\u00e9 \u00e0 la [&hellip;]<\/p>\n","protected":false},"author":1,"featured_media":12,"parent":0,"menu_order":0,"comment_status":"closed","ping_status":"closed","template":"","meta":{"_EventAllDay":false,"_EventTimezone":"","_EventStartDate":"","_EventEndDate":"","_EventStartDateUTC":"","_EventEndDateUTC":"","_EventShowMap":false,"_EventShowMapLink":false,"_EventURL":"","_EventCost":"","_EventCostDescription":"","_EventCurrencySymbol":"","_EventCurrencyCode":"","_EventCurrencyPosition":"","_EventDateTimeSeparator":"","_EventTimeRangeSeparator":"","_EventOrganizerID":[],"_EventVenueID":[],"_OrganizerEmail":"","_OrganizerPhone":"","_OrganizerWebsite":"","_VenueAddress":"","_VenueCity":"","_VenueCountry":"","_VenueProvince":"","_VenueState":"","_VenueZip":"","_VenuePhone":"","_VenueURL":"","_VenueStateProvince":"","_VenueLat":"","_VenueLng":"","_VenueShowMap":false,"_VenueShowMapLink":false,"footnotes":""},"class_list":["post-9","page","type-page","status-publish","has-post-thumbnail","hentry"],"_links":{"self":[{"href":"https:\/\/montagneetloisirs.fr\/index.php?rest_route=\/wp\/v2\/pages\/9","targetHints":{"allow":["GET"]}}],"collection":[{"href":"https:\/\/montagneetloisirs.fr\/index.php?rest_route=\/wp\/v2\/pages"}],"about":[{"href":"https:\/\/montagneetloisirs.fr\/index.php?rest_route=\/wp\/v2\/types\/page"}],"author":[{"embeddable":true,"href":"https:\/\/montagneetloisirs.fr\/index.php?rest_route=\/wp\/v2\/users\/1"}],"replies":[{"embeddable":true,"href":"https:\/\/montagneetloisirs.fr\/index.php?rest_route=%2Fwp%2Fv2%2Fcomments&post=9"}],"version-history":[{"count":18,"href":"https:\/\/montagneetloisirs.fr\/index.php?rest_route=\/wp\/v2\/pages\/9\/revisions"}],"predecessor-version":[{"id":274,"href":"https:\/\/montagneetloisirs.fr\/index.php?rest_route=\/wp\/v2\/pages\/9\/revisions\/274"}],"wp:featuredmedia":[{"embeddable":true,"href":"https:\/\/montagneetloisirs.fr\/index.php?rest_route=\/wp\/v2\/media\/12"}],"wp:attachment":[{"href":"https:\/\/montagneetloisirs.fr\/index.php?rest_route=%2Fwp%2Fv2%2Fmedia&parent=9"}],"curies":[{"name":"wp","href":"https:\/\/api.w.org\/{rel}","templated":true}]}}